at is the units digit of h?
0
Suppose 2*u - w = 2898, 2*u + 2*w - 1052 - 1834 = 0. What is the tens digit of u?
4
Let u(l) = l**3 + 6*l**2 - 2*l - 3. Let t be u(-6). Suppose t = 2*i - 15. Let k = 30 - i. What is the units digit of k?
8
Suppose -5*q + 141 + 354 = 0. Let y = q + 16. What is the units digit of y?
5
Let r = -49 + 1291. What is the hundreds digit of r?
2
Let i(k) = k**2 - 2*k - 3. Let b(o) = -o - 1. Let a(z) = 2*b(z) + i(z). What is the units digit of a(-2)?
7
Suppose -14 = 3*x - 3*h + 1, 0 = x - 3*h - 1. Let b be (90/20)/((-6)/x). Suppose 0 = n - b - 0. What is the units digit of n?
6
Suppose 0 = -44*z + 39*z + 1365. What is the hundreds digit of z?
2
Let y = -6 + 7. What is the units digit of 84*(y - 4/16)?
3
Suppose 10*r - 8518 - 42 = 0. What is the hundreds digit of r?
8
What is the units digit of (508 - (-11)/1) + (0 - -5)?
4
Let r(k) = -k**2 - 22*k - 9. Let l(w) = 4*w**2 + 66*w + 27. Let g(t) = -4*l(t) - 14*r(t). What is the tens digit of g(19)?
3
Suppose 0*k + 4*k = 0. Suppose 16 = -k*t - t + 4*u, 2*t + 5*u - 7 = 0. Let a(q) = -6*q - 3. What is the units digit of a(t)?
1
Suppose 5*l = 3*q - 57, -3 = -5*q - 8. Let w(n) = -17*n - 15. What is the hundreds digit of w(l)?
1
Let n(a) = -15*a**3 + 3*a**2 - 4. Let k(x) = 8*x**3 - 2*x**2 + 2. Let m(f) = 7*k(f) + 4*n(f). Suppose -3 - 1 = 2*w. What is the tens digit of m(w)?
2
Suppose 34 = 4*y - 2. Suppose 3*f = b + 2*f + y, -4*b + f - 48 = 0. Let u = b + 22. What is the units digit of u?
9
Let w = -155 - -83. What is the tens digit of 0 + 5730/27 - (-16)/w?
1
What is the tens digit of (-6)/33 - (-176415)/165?
6
Let j = -2 + -1. Let q be 39 + (j - 0) - 2. Let s = 58 - q. What is the units digit of s?
4
Let m = -55 - -57. Suppose m*y = 3*y - l - 105, -4 = 4*l. What is the units digit of y?
4
Let g(q) = -q**3 + 7*q**2 + 4 - 7*q + 14*q - 11*q. Let y be g(6). Suppose -3*z + 5*l = -y + 4, -5*l = 0. What is the units digit of z?
4
Suppose -20*u + 4*u + 8000 = 0. What is the hundreds digit of u?
5
Let o = -7020 + 11702. What is the units digit of o?
2
Suppose -4*p = -5*s + 624 + 2711, -4*s + 2668 = -4*p. What is the tens digit of s?
6
Let m(u) be the third derivative of 0*u + 0 - 1/3*u**3 + 1/60*u**5 - 1/24*u**4 - 2*u**2. What is the tens digit of m(-4)?
1
Suppose 104*o - 101*o - 2712 = 0. What is the hundreds digit of o?
9
Let s(m) = m**2 + 3*m + 7. Let v be s(-3). Suppose 1467 = v*u + 193. What is the units digit of u?
2
Suppose -z + 21 = s, 4*z - 2*s - 25 - 29 = 0. What is the hundreds digit of z/40 + 1/((-5)/(-643))?
1
Let q(b) = 4*b + 2 + 3*b + 11 - 6*b**2 + 7*b**2. What is the units digit of q(-11)?
7
Suppose -4*a + 28 = -20. Suppose a*p = 7*p + 20. What is the units digit of -4 - (-43 + (2 - p))?
1
Let v = -18 + 70. What is the units digit of v?
2
Suppose -2*i - 4 + 22 = 0. Let v(t) = 2*t - 2. Let r(x) = -x + 1. Let w(f) = -3*r(f) - v(f). What is the units digit of w(i)?
8
Suppose 4*g = -0*g - 5*r + 93, -4*g + 73 = r. What is the tens digit of g?
1
Suppose 8355 = 21*q - 13086. What is the tens digit of q?
2
Let w be (5 - (4 + 1)) + -8. Let c = w + 140. What is the units digit of c?
2
Suppose 13569 = 5*u + 3*k + 3353, 3*u + 2*k = 6130. What is the thousands digit of u?
2
Let c be (-422)/(-10) + 5/(-25). Suppose c = -9*t + 3*t. What is the units digit of 22 + t/(28/(-8))?
4
Let x be ((-6)/(-9))/(4/1074). Suppose -2*q + 160 = -2*m, x - 16 = 2*q - m. What is the units digit of q?
3
Let n = -11 + 14. Suppose n*p + 190 = 5*s - 0*s, -5*s - 2*p + 215 = 0. What is the units digit of s?
1
Suppose -8255 + 1640 = -7*t. What is the units digit of t?
5
Suppose -8*l + 60 = -7*l. Let o = -48 + l. What is the units digit of o?
2
Let g = -57 - -91. Let z = g - -115. What is the hundreds digit of z?
1
Let z(j) = -21*j**2 - 2 + 0 + 0*j + j + 23*j**2. Suppose 4*y = -y - 10. What is the units digit of z(y)?
4
Let b = 23 - -26. Suppose -b = -3*q - 1. What is the units digit of q?
6
Let s = 7 - 6. Suppose k = -s + 3. Suppose -k*p = -0*p - 52. What is the units digit of p?
6
Let q(j) = -5*j**3 - j**2 - 9*j - 11. What is the units digit of q(-2)?
3
Suppose 2*r + 74 = -4*o, -10 = 2*r - 0. Let j be (-78)/o - (-1)/8. What is the units digit of j - 0 - (-11)/(-11)?
4
Let a(y) = -y**3 + 8*y**2 + 11*y + 11. Let g be a(9). Let i = 24 + g. Let u = i - 7. What is the tens digit of u?
4
Suppose 3*k - 496 = 2*i, 3*i = -4*k + 504 + 146. Let o = k + -5. What is the units digit of o?
9
Suppose o - 2*w = -22, 2*w - 110 = 5*o + 3*w. Let x(r) = r**3 + 21*r**2 - 29*r + 15. What is the units digit of x(o)?
9
Let z(x) = 4*x**2 - 25*x - 3. What is the tens digit of z(7)?
1
Suppose 0 = 7*x - 1029 - 1659. What is the hundreds digit of x?
3
Suppose 4*a = -3*v + 481, 4*a = a + 4*v + 392. What is the tens digit of 2/(-3)*a*(-3)/2?
2
Let m(y) be the third derivative of y**4/24 + 40*y**3/3 - 3*y**2. What is the tens digit of m(0)?
8
Suppose -7 = 3*m - 2*m. Let o(l) = -21*l + 6. What is the hundreds digit of o(m)?
1
Suppose -32349 = -72*h + 45051. What is the tens digit of h?
7
Suppose -157 = 3*c + 2*f + 192, 3*f = 12. Let k = c - -348. What is the tens digit of k?
2
Suppose 4*q = -2*h, -5 = 3*q - 2. Suppose h*m = 12 + 6. Suppose -m*s + 5*s + 60 = 0. What is the units digit of s?
5
Let q = 31 + -44. Let r = q + 21. Suppose -30 = -r*f + 3*f. What is the units digit of f?
6
Suppose -1326 - 4393 = -19*s. What is the units digit of s?
1
Let x = 1496 + -1036. What is the tens digit of x?
6
Let y be ((-128)/20)/(-2 - 158/(-80)). What is the hundreds digit of (y/(-6) + 0)/(1/(-3))?
1
Let z = 17 + -20. Let n be (-4)/1 + 4 - z. Suppose -5*j - 131 = -n*x, 5*x + 22 - 272 = 2*j. What is the units digit of x?
2
Let w(b) = 2*b**2 - 34*b - 84. What is the hundreds digit of w(30)?
6
Let a(f) = f - 10. Let s(p) = 9*p + 15. Let v(x) = 2*a(x) + s(x). Let i be (8 + -2)/((-4)/(-2)). What is the units digit of v(i)?
8
What is the tens digit of 256 - (-2 + 0 + -3 + 3)?
5
Suppose -28*c + 3*w + 7181 = -23*c, 4*c - 3*w = 5743. What is the tens digit of c?
3
Suppose q = 2*r - 4, -3*r + 8 = r - 4*q. Suppose -k + 4*h - 540 = 0, -2*h = k - 5*k - 2216. What is the units digit of r/7 + k/(-14)?
0
Suppose 4 = -4*p + 16. Suppose p*g + 55 = 5*b + 164, g - 55 = -3*b. What is the units digit of g?
3
Let t(l) be the third derivative of -5*l**2 - 5/6*l**3 - 1/120*l**6 + 0*l - 1/12*l**4 + 1/10*l**5 + 0. What is the units digit of t(5)?
0
Suppose -3*y + 2757 - 510 = 0. What is the units digit of y?
9
What is the thousands digit of (1743 - -15) + (-21)/(-3)?
1
Let k = -86 + 88. What is the units digit of ((-2)/3 + k)/(6/153)?
4
Let m = 20 - 12. Let q be (-3 - -2)/((-2)/m). What is the units digit of (q/6)/(2/15)?
5
Let s = -86 + 90. Suppose -2*r + 147 = 2*o - 203, 5*r = -s*o + 875. What is the hundreds digit of r?
1
Suppose 2*o - 3*a + 5063 = 4*o, o + 2*a = 2534. What is the tens digit of o?
2
Suppose 2*f + 3*m - 141 = -11, -4*m = f - 55. Suppose l - f = -7. What is the units digit of l?
4
Suppose -2*f + 48 = 5*o, -f + 40 = 3*o + 3*f. Suppose -o*c + 3*c = -360. What is the units digit of (8/6)/(32/c)?
3
Suppose -2*y - 17 = t + 2*y, y = -3*t - 7. What is the units digit of 1 + (-3 - -7)/(-1)*t?
5
Suppose 4*r - a - 1987 = 0, 1492 = -r + 4*r + a. What is the tens digit of r?
9
Suppose -3*k - 731 = -2*b - 2*b, 2*b = k + 365. What is the tens digit of b?
8
Let t(f) = f**2 + 15*f + 20 + 27 - 47. What is the units digit of t(-16)?
6
Let r = -71 + 72. What is the tens digit of (17 + -28)*r*-13?
4
Suppose 0 = -4*k - 573 + 2537. What is the hundreds digit of k?
4
Suppose 10*o - 25087 = 32213. What is the tens digit of o?
3
Suppose 3148 = 4*x - 12800. What is the thousands digit of x?
3
Suppose -4*f + 26 = 5*z + 6, 5*z - f = 20. Suppose -413 = -z*w - 45. Suppose 0 = 4*m - w - 24. What is the tens digit of m?
2
Let v = 2 - 1. Let q(j) = -95*j - 3. Let i(l) = 141*l + 4. Let o(t) = 5*i(t) + 7*q(t). What is the units digit of o(v)?
9
Let i = 2 + -6. What is the units digit of i*11*(45/(-10) + 3)?
6
Suppose -g = 3*g + h - 10, -6 = -g - 2*h. Suppose q - 3 = -3*z - 16, 14 = g*q - 2*z. What is the tens digit of 2 - (q - (-4 - -17))?
1
Suppose 2*c + 11 = 5*h + c, 0 = -4*c - 4. Suppose 57 = 2*b - h*p - 55, 5*p - 147 = -2*b. What is the tens digit of b?
6
Let z = -14 - -27. Suppose -z - 9 = -t. Wh